{"id":45,"date":"2020-04-19T01:37:54","date_gmt":"2020-04-18T23:37:54","guid":{"rendered":"http:\/\/wwb.wohnart3.de\/?page_id=45"},"modified":"2025-12-04T20:02:05","modified_gmt":"2025-12-04T19:02:05","slug":"unser-zuhause","status":"publish","type":"page","link":"https:\/\/www.wohnart3.de\/?page_id=45","title":{"rendered":"Unser Zuhause"},"content":{"rendered":"\n<figure class=\"wp-block-image size-full\"><img loading=\"lazy\" decoding=\"async\" width=\"800\" height=\"741\" src=\"https:\/\/www.wohnart3.de\/wp-content\/uploads\/2023\/06\/DSC08733-kl.jpg\" alt=\"\" class=\"wp-image-1945\" srcset=\"https:\/\/www.wohnart3.de\/wp-content\/uploads\/2023\/06\/DSC08733-kl.jpg 800w, https:\/\/www.wohnart3.de\/wp-content\/uploads\/2023\/06\/DSC08733-kl-300x278.jpg 300w, https:\/\/www.wohnart3.de\/wp-content\/uploads\/2023\/06\/DSC08733-kl-768x711.jpg 768w\" sizes=\"auto, (max-width: 767px) 89vw, (max-width: 1000px) 54vw, (max-width: 1071px) 543px, 580px\" \/><\/figure>\n\n\n\n<p class=\"has-luminous-vivid-amber-background-color has-background\">Freie Wohnungen<\/p>\n\n\n\n<p>Voraussetzung f\u00fcr die Miete einer Wohnung ist die Mitgliedschaft im Verein WohnArt 3.  Die Mitgliedsversammlung entscheidet \u00fcber die Belegung und gibt die Freigabe zum Abschluss des Mietvertrags mit der bauverein AG.<\/p>\n\n\n\n<p id=\"bewerbung@wohnart3.de\">Bewerbung und Anfragen per eMail: <strong>bewerbung@wohnart3.de<\/strong><\/p>\n\n\n\n<p>Telefonische Ausk\u00fcnfte unter Nummer: 06151 \/ 9618 289<\/p>\n\n\n\n<p class=\"has-white-color has-luminous-vivid-orange-background-color has-text-color has-background\"><strong>Gemeinschaftsr\u00e4ume<\/strong><\/p>\n\n\n\n<div class=\"wp-block-group\"><div class=\"wp-block-group__inner-container is-layout-flow wp-block-group-is-layout-flow\">\n<p>Der Verein WohnArt 3 verwaltet folgende Gemeinschaftsr\u00e4ume:<\/p>\n\n\n\n<ul class=\"wp-block-list\">\n<li>einen gro\u00dfen Gemeinschaftsraum &#8222;Unne&#8220; im EG<\/li>\n\n\n\n<li>einen kleinen Gruppenraum &#8222;Obbe&#8220; im 1. OG f\u00fcr ca. 10 Personen.<\/li>\n\n\n\n<li>ein G\u00e4steapartment (mit K\u00fcchenzeile, Dusche, WC) im 1. OG .<\/li>\n<\/ul>\n<\/div><\/div>\n\n\n\n<p>Diese R\u00e4ume werden gemeinschaftlich genutzt oder sie k\u00f6nnen von Mitgliedern f\u00fcr ihre eigenen Zwecke angemietet werden.<\/p>\n\n\n\n<div class=\"wp-block-group\"><div class=\"wp-block-group__inner-container is-layout-flow wp-block-group-is-layout-flow\">\n<p>Die nachfolgenden Gemeinschaftsr\u00e4ume sind als B\u00fcror\u00e4ume von WohnArt 3 untervermietet:<\/p>\n\n\n\n<ul class=\"wp-block-list\">\n<li>Kleines B\u00fcro im 1. OG<\/li>\n\n\n\n<li>Home-Offices 1, 2 und 3 im 2. OG<\/li>\n\n\n\n<li>Apartment im 2. OG <\/li>\n<\/ul>\n\n\n\n<p>\u00dcber die Vergabe der untervermieteten B\u00fcros\/R\u00e4ume entscheidet der Vereinsvorstand.<\/p>\n\n\n\n<h2 class=\"wp-block-heading has-luminous-vivid-orange-color has-text-color\" style=\"font-size:18px\"><strong>Weitere Gemeinschaftseinrichtungen<\/strong><\/h2>\n\n\n\n<h3 class=\"wp-block-heading has-luminous-vivid-orange-color has-text-color has-normal-font-size\"><strong>Waschkeller<\/strong><\/h3>\n\n\n\n<p>In WohnArt 3 gibt es einen Trockenraum im Keller, in dem sich auch eine Waschmaschine  befindet. Sie kann von allen Mitbewohner\/innen genutzt werden. <\/p>\n\n\n\n<h3 class=\"wp-block-heading has-luminous-vivid-orange-color has-text-color has-normal-font-size\"><strong>Werkstatt<\/strong><\/h3>\n\n\n\n<p>Unsere Werkstatt ist mit den g\u00e4ngigen Werkzeugen, einer Werkbank, einer Standbohrmaschine und einigen kleineren Maschinen ausgestattet. Hier kann gewerkelt oder das Fahrrad repariert werden.<br><br><a href=\"https:\/\/www.wohnart3.de\/?page_id=151\" data-type=\"URL\" data-id=\"https:\/\/www.wohnart3.de\/?page_id=151\"><strong>Car-Sharing<\/strong><\/a><\/p>\n\n\n\n<p>Zur Zeit ist kein Fahrzeug verf\u00fcgbar. In Planung ist ein Elektroauto.<\/p>\n<\/div><\/div>\n\n\n\n<p><strong>Bike-Sharing<\/strong><br>Seit Mai 2023 steht ein Lastenrad die f\u00fcr Mitglieder der Nutzungs-<br>gemeinschaft Bikesharing zur Verf\u00fcgung.<\/p>\n\n\n\n<p>Unser <a href=\"https:\/\/goo.gl\/maps\/dhWnvKN4fawQv3As5\">WohnArt 3 Geb\u00e4ude<\/a>, an dem viele\u00a0Bewohner mitgeplant haben, liegt in Darmstadt-Kranichstein im Wohngebiet K6 in\u00a0unmittelbarer Nachbarschaft zur Genossenschaft WohnSinn. \u00a0Die Wohnanlage besteht aus zwei sich gegen\u00fcberliegenden Geb\u00e4udewinkeln, die einen Innenhof umfassen. Die Fl\u00fcgel A und B an Elisabeth-Selbert-\u00a0und\u00a0Herta-Mansbacher-Stra\u00dfe\u00a0haben 3 1\/2 Geschosse, der C-Fl\u00fcgel am Erika-K\u00f6th-Weg hat zwei Stockwerke. Insgesamt gibt es 44 Wohnungen unterschiedlicher Gr\u00f6\u00dfe von\u00a048 bis 127 qm die alle (bis auf vier) barrierefrei erschlossen sind.\u00a0Das erste und zweite Stockwerk ist mit einem Fahrstuhl erreichbar. <br>Es gibt drei rollstuhlgerechte Wohnungen. 14 Wohnungen sind \u00f6ffentlich gef\u00f6rdert.\u00a0<\/p>\n\n\n\n<p>Den Bewohner:innen bietet sich&nbsp;:<\/p>\n\n\n\n<ul class=\"wp-block-list\">\n<li>ein sch\u00f6ner Innenhof, in dem Kinder gesch\u00fctzt spielen k\u00f6nnen<\/li>\n\n\n\n<li>Beete im Hof&nbsp;zum Bepflanzen und eine gro\u00dfe Zisterne f\u00fcr Regenwasser<\/li>\n\n\n\n<li>Gemeinschaftsr\u00e4ume, auch zur privaten Nutzung<\/li>\n\n\n\n<li>Waschkeller und Trockenraum<\/li>\n\n\n\n<li>ein kleines Apartment, in dem unsere G\u00e4ste \u00fcbernachten k\u00f6nnen<\/li>\n\n\n\n<li>drei separate B\u00fcror\u00e4ume zur Anmietung<\/li>\n\n\n\n<li>eine Werkstatt, in der sich jede:r handwerklich bet\u00e4tigen kann<\/li>\n\n\n\n<li>ein Kellerraum f\u00fcr jede Wohnung <\/li>\n\n\n\n<li>Fahrradst\u00e4nder vor jedem Hauseingang f\u00fcr Besucher  <\/li>\n\n\n\n<li>\u00fcberdachte Fahrradabstellpl\u00e4tze im Hof und ein&nbsp;Fahrradkeller<\/li>\n\n\n\n<li>ein Carsharing-Projekt mit einem Fahrzeug<\/li>\n\n\n\n<li>ein Bikesharing-Projekt mit einem Lastenrad<\/li>\n\n\n\n<li>eine Photovoltaik-Anlage, die Sonnenenergie nutzt<\/li>\n\n\n\n<li>ein Passivhaus, um die Umwelt zu schonen und im Wohlf\u00fchlklima zu leben<\/li>\n<\/ul>\n\n\n\n<p>&nbsp;Also ein&nbsp;Haus, in dem eine Gemeinschaft w\u00e4chst und sich Potenziale entfalten k\u00f6nnen.&nbsp;<\/p>\n\n\n\n<p>Viele Passivhaus-Daten zu WohnArt 3 sind auf&nbsp;<a rel=\"noreferrer noopener\" href=\"http:\/\/www.passivhausprojekte.de\/#d_1559\" target=\"_blank\">www.passivhausprojekte.de<\/a>&nbsp;einsehbar.<\/p>\n","protected":false},"excerpt":{"rendered":"<p>Freie Wohnungen Voraussetzung f\u00fcr die Miete einer Wohnung ist die Mitgliedschaft im Verein WohnArt 3. Die Mitgliedsversammlung entscheidet \u00fcber die Belegung und gibt die Freigabe zum Abschluss des Mietvertrags mit der bauverein AG. Bewerbung und Anfragen per eMail: bewerbung@wohnart3.de Telefonische Ausk\u00fcnfte unter Nummer: 06151 \/ 9618 289 Gemeinschaftsr\u00e4ume Der Verein WohnArt 3 verwaltet folgende Gemeinschaftsr\u00e4ume: &hellip; <\/p>\n<p class=\"link-more\"><a href=\"https:\/\/www.wohnart3.de\/?page_id=45\" class=\"more-link\"><span class=\"screen-reader-text\">\u201eUnser Zuhause\u201c<\/span> weiterlesen<\/a><\/p>\n","protected":false},"author":1,"featured_media":0,"parent":0,"menu_order":0,"comment_status":"closed","ping_status":"closed","template":"","meta":{"footnotes":""},"simple-restrict-permission":[],"class_list":["post-45","page","type-page","status-publish","hentry"],"_links":{"self":[{"href":"https:\/\/www.wohnart3.de\/index.php?rest_route=\/wp\/v2\/pages\/45","targetHints":{"allow":["GET"]}}],"collection":[{"href":"https:\/\/www.wohnart3.de\/index.php?rest_route=\/wp\/v2\/pages"}],"about":[{"href":"https:\/\/www.wohnart3.de\/index.php?rest_route=\/wp\/v2\/types\/page"}],"author":[{"embeddable":true,"href":"https:\/\/www.wohnart3.de\/index.php?rest_route=\/wp\/v2\/users\/1"}],"replies":[{"embeddable":true,"href":"https:\/\/www.wohnart3.de\/index.php?rest_route=%2Fwp%2Fv2%2Fcomments&post=45"}],"version-history":[{"count":70,"href":"https:\/\/www.wohnart3.de\/index.php?rest_route=\/wp\/v2\/pages\/45\/revisions"}],"predecessor-version":[{"id":3034,"href":"https:\/\/www.wohnart3.de\/index.php?rest_route=\/wp\/v2\/pages\/45\/revisions\/3034"}],"wp:attachment":[{"href":"https:\/\/www.wohnart3.de\/index.php?rest_route=%2Fwp%2Fv2%2Fmedia&parent=45"}],"wp:term":[{"taxonomy":"simple-restrict-permission","embeddable":true,"href":"https:\/\/www.wohnart3.de\/index.php?rest_route=%2Fwp%2Fv2%2Fsimple-restrict-permission&post=45"}],"curies":[{"name":"wp","href":"https:\/\/api.w.org\/{rel}","templated":true}]}}